emainder when 683 is divided by 67?
13
Calculate the remainder when 512 is divided by 11.
6
What is the remainder when 274 is divided by 69?
67
What is the remainder when 821 is divided by 33?
29
What is the remainder when 119 is divided by 28?
7
Calculate the remainder when 20890 is divided by 13.
12
Calculate the remainder when 216 is divided by 22.
18
What is the remainder when 601 is divided by 67?
65
What is the remainder when 212 is divided by 52?
4
What is the remainder when 142 is divided by 35?
2
Calculate the remainder when 149 is divided by 5.
4
What is the remainder when 918 is divided by 134?
114
Calculate the remainder when 388 is divided by 189.
10
What is the remainder when 407 is divided by 69?
62
What is the remainder when 143 is divided by 26?
13
Calculate the remainder when 5049 is divided by 163.
159
Calculate the remainder when 38 is divided by 27.
11
Calculate the remainder when 1641 is divided by 16.
9
Calculate the remainder when 45 is divided by 24.
21
What is the remainder when 356 is divided by 37?
23
What is the remainder when 2371 is divided by 20?
11
Calculate the remainder when 257 is divided by 12.
5
What is the remainder when 93 is divided by 55?
38
What is the remainder when 389 is divided by 79?
73
Calculate the remainder when 1296 is divided by 13.
9
What is the remainder when 3144 is divided by 1566?
12
Calculate the remainder when 86 is divided by 3.
2
Calculate the remainder when 32 is divided by 13.
6
What is the remainder when 314 is divided by 25?
14
What is the remainder when 621 is divided by 99?
27
What is the remainder when 17737 is divided by 219?
217
What is the remainder when 193 is divided by 65?
63
Calculate the remainder when 891 is divided by 32.
27
Calculate the remainder when 807 is divided by 10.
7
What is the remainder when 631 is divided by 79?
78
What is the remainder when 1497 is divided by 191?
160
Calculate the remainder when 14307 is divided by 28.
27
What is the remainder when 515 is divided by 13?
8
Calculate the remainder when 151 is divided by 77.
74
Calculate the remainder when 1380 is divided by 55.
5
Calculate the remainder when 351 is divided by 175.
1
What is the remainder when 95 is divided by 29?
8
What is the remainder when 298 is divided by 20?
18
Calculate the remainder when 131 is divided by 28.
19
Calculate the remainder when 269 is divided by 30.
29
Calculate the remainder when 1960 is divided by 26.
10
Calculate the remainder when 912 is divided by 242.
186
What is the remainder when 445 is divided by 56?
53
What is the remainder when 2085 is divided by 149?
148
Calculate the remainder when 16 is divided by 9.
7
Calculate the remainder when 3307 is divided by 21.
10
What is the remainder when 150 is divided by 65?
20
What is the remainder when 44 is divided by 18?
8
Calculate the remainder when 657 is divided by 26.
7
Calculate the remainder when 83 is divided by 49.
34
Calculate the remainder when 1229 is divided by 137.
133
What is the remainder when 1825 is divided by 303?
7
Calculate the remainder when 324 is divided by 83.
75
Calculate the remainder when 569 is divided by 84.
65
What is the remainder when 1021 is divided by 11?
9
Calculate the remainder when 845 is divided by 234.
143
What is the remainder when 813 is divided by 103?
92
What is the remainder when 88 is divided by 15?
13
What is the remainder when 3561 is divided by 36?
33
Calculate the remainder when 260 is divided by 88.
84
Calculate the remainder when 2680 is divided by 31.
14
What is the remainder when 333 is divided by 28?
25
What is the remainder when 9 is divided by 6?
3
Calculate the remainder when 291 is divided by 42.
39
Calculate the remainder when 2029 is divided by 127.
124
What is the remainder when 725 is divided by 14?
11
Calculate the remainder when 388 is divided by 9.
1
Calculate the remainder when 8773 is divided by 41.
40
Calculate the remainder when 239 is divided by 80.
79
What is the remainder when 206 is divided by 23?
22
What is the remainder when 94 is divided by 32?
30
What is the remainder when 3526 is divided by 28?
26
Calculate the remainder when 418 is divided by 30.
28
What is the remainder when 401 is divided by 55?
16
Calculate the remainder when 1847 is divided by 460.
7
What is the remainder when 763 is divided by 247?
22
Calculate the remainder when 3620 is divided by 51.
50
Calculate the remainder when 59 is divided by 29.
1
What is the remainder when 119 is divided by 49?
21
What is the remainder when 5 is divided by 3?
2
What is the remainder when 2470 is divided by 15?
10
Calculate the remainder when 945 is divided by 22.
21
Calculate the remainder when 804 is divided by 409.
395
What is the remainder when 2197 is divided by 244?
1
What is the remainder when 1491 is divided by 68?
63
What is the remainder when 261 is divided by 143?
118
What is the remainder when 9879 is divided by 52?
51
What is the remainder when 150 is divided by 85?
65
Calculate the remainder when 157 is divided by 9.
4
What is the remainder when 204 is divided by 23?
20
Calculate the remainder when 280 is divided by 11.
5
What is the remainder when 441 is divided by 70?
21
What is the remainder when 2527 is divided by 22?
19
Calculate the remainder when 222 is divided by 110.
2
Calculate the remainder when 276 is divided by 152.
124
What is the remainder when 229 is divided by 47?
41
What is the remainder when 2802 is divided by 55?
52
What is the remainder when 3181 is divided by 35?
31
Calculate the remainder when 2296 is divided by 65.
21
Calculate the remainder when 1747 is divided by 19.
18
What is the remainder when 204 is divided by 47?
16
Calculate the remainder when 1823 is divided by 8.
7
What is the remainder when 417 is divided by 143?
131
What is the remainder when 20775 is divided by 8?
7
What is the remainder when 33 is divided by 32?
1
What is the remainder when 141 is divided by 9?
6
Calculate the remainder when 173 is divided by 35.
33
What is the remainder when 130 is divided by 41?
7
Calculate the remainder when 132 is divided by 7.
6
Calculate the remainder when 82 is divided by 12.
10
Calculate the remainder when 36 is divided by 34.
2
Calculate the remainder when 412 is divided by 96.
28
What is the remainder when 40 is divided by 17?
6
What is the remainder when 587 is divided by 49?
48
What is the remainder when 646 is divided by 13?
9
Calculate the remainder when 499 is divided by 46.
39
Calculate the remainder when 16489 is divided by 5491.
16
Calculate the remainder when 336 is divided by 28.
0
What is the remainder when 89 is divided by 54?
35
What is the remainder when 6114 is divided by 139?
137
Calculate the remainder when 66 is divided by 15.
6
What is the remainder when 254 is divided by 76?
26
What is the remainder when 10243 is divided by 47?
44
What is the remainder when 96 is divided by 39?
18
What is the remainder when 178 is divided by 90?
88
Calculate the remainder when 440 is divided by 23.
3
What is the remainder when 121 is divided by 41?
39
What is the remainder when 2571 is divided by 850?
21
What is the remainder when 448 is divided by 2?
0
What is the remainder when 2274 is divided by 378?
6
Calculate the remainder when 943 is divided by 86.
83
What is the remainder when 3010 is divided by 23?
20
What is the remainder when 449 is divided by 8?
1
Calculate the remainder when 652 is divided by 5.
2
Calculate the remainder when 542 is divided by 184.
174
Calculate the remainder when 948 is divided by 33.
24
What is the remainder when 512 is divided by 27?
26
What is the remainder when 1012 is divided by 39?
37
What is the remainder when 177 is divided by 25?
2
What is the remainder when 8352 is divided by 2783?
3
Calculate the remainder when 2918 is divided by 65.
58
Calculate the remainder when 640 is divided by 15.
10
Calculate the remainder when 49 is divided by 3.
1
Calculate the remainder when 69 is divided by 22.
3
Calculate the remainder when 428 is divided by 143.
142
What is the remainder when 168 is divided by 17?
15
What is the remainder when 1214 is divided by 40?
14
What is the remainder when 139 is divided by 72?
67
Calculate the remainder when 236 is divided by 108.
20
Calculate the remainder when 51 is divided by 1